 divisor of j and 16?
8
Let h(o) = -o**3 - 5*o**2 + 4*o - 2. Let s be h(-6). Suppose -99 = -5*t - k, 0 = -5*t - 2*k + 3*k + 101. Calculate the highest common divisor of s and t.
10
Let v = 46 - 24. Calculate the greatest common factor of 66 and v.
22
Let q(n) = 2*n - 3. Let y be q(3). Suppose y*b = 4*b. Suppose -96 = -3*z - b*z. What is the highest common divisor of z and 8?
8
Let q be 6/((-5 - -4)/(-6)). What is the greatest common divisor of 144 and q?
36
Suppose 4*h + 244 = 2*k + 6*h, 2*k - 248 = -4*h. Suppose 6 - 24 = -3*b. Suppose 3*w - 51 = -b. What is the greatest common divisor of k and w?
15
Let k = -69 - -103. Let q = k - 19. Let p be (-208)/(-7) - 2/(-7). What is the greatest common divisor of q and p?
15
Let b(j) = 2*j**2 + 7*j + 6. Let h be b(-4). Suppose -5*p - 165 = -h*p. Calculate the highest common divisor of 3 and p.
3
Let d(u) = 33*u + 4. Let j be d(2). What is the highest common divisor of j and 28?
14
Suppose 3*c + 228 = 5*k, 0*k - 94 = -2*k + 4*c. Suppose -5*s + 2*s + 21 = 0. Suppose -s*g + 5*g + 10 = 0. Calculate the highest common factor of k and g.
5
Let b be -15*(0 + 1)/(15/(-9)). Calculate the highest common factor of 153 and b.
9
Let x = 52 - 17. Suppose 2*j - x = -5*l + 21, 0 = -l + 5*j + 22. Calculate the highest common divisor of 132 and l.
12
Suppose -3*c + 23 = -13. Calculate the greatest common divisor of 12 and c.
12
Let v be 282/30 + 4/(-10). Suppose -v = -z + 2*z. Let p be ((-42)/(-1))/((-2)/z). Calculate the highest common factor of p and 27.
27
Let b = -35 + 70. Let n(p) be the second derivative of p**4/12 + p**3/3 - p**2/2 + 3*p. Let g be n(2). Calculate the highest common factor of g and b.
7
Suppose -3*r = -16 - 14. What is the highest common factor of r and 110?
10
Let g = 2 - -2. What is the highest common divisor of 4 and g?
4
Let r(g) = g - 9. Let o(k) = -k + 3. Let u be o(3). Let z be r(u). Let t = z + 107. Calculate the highest common divisor of t and 14.
14
Let a(s) = 6*s - 9. Let v be a(9). Let h = 71 + -19. Suppose 2*w - 4*z - 20 = 0, -3*w + 5*z = w - h. What is the greatest common divisor of v and w?
9
Let n(o) = -o**3 - 4*o**2 + 8*o + 1. Let b be n(-6). What is the greatest common factor of b and 100?
25
Suppose 0 = -13*r + 17*r - 1120. What is the highest common divisor of 35 and r?
35
Let g(s) be the first derivative of 7*s**3/3 + s**2 + 2*s + 3. Let c be g(5). Calculate the highest common divisor of c and 17.
17
Let c be (-3 + (-27)/(-15))/((-9)/120). What is the highest common divisor of 24 and c?
8
Let d be (-20)/(-4) + 0/(-2). Suppose -8 = b - d*b. What is the greatest common divisor of b and 1?
1
Let v = -4 + 10. Suppose 0 = -y + 5*j + 11, -2*j + 10 = 2*y. Calculate the highest common divisor of y and v.
6
Let s = -29 + 48. Let q = s + -9. What is the highest common divisor of q and 40?
10
Suppose -15 = -0*o - 3*o. Suppose -5*g + 11 = 1, 5*f = -o*g + 90. What is the highest common divisor of 4 and f?
4
Let q be 2 - 5/(10/16). Let j(w) = -19*w + 6. Let g be j(q). What is the greatest common divisor of 24 and g?
24
Let c be 3*(25 - 0/4). What is the greatest common divisor of 50 and c?
25
Let z(d) = 2*d**2 - 5*d. Let o be z(6). Let m be o*5/((-15)/6). Let k = 136 + m. Calculate the greatest common divisor of 13 and k.
13
Let y be 121/5 - (-1)/(-5). Suppose y = -x + 79. What is the greatest common divisor of 11 and x?
11
Suppose 0 = -5*k + 4*l + 141, -2*k = 2*k - l - 115. What is the greatest common divisor of k and 29?
29
Let c(x) = 4*x**2 + 10*x + 16. Let f be c(-5). What is the greatest common factor of f and 165?
33
Let l be 2/((-3)/2 + (-632)/(-400)). What is the highest common factor of 100 and l?
25
Suppose 0 = -8*b - 47 + 63. What is the greatest common divisor of b and 26?
2
Let x be (-62)/(2 - 3) + 0. Let p be (-60 + 0)*-1 - 2. Suppose 4*d - x = p. What is the greatest common divisor of d and 20?
10
Let b(x) = x**2 - 6*x - 6. Let i be b(7). Suppose -2*h = i - 19. Let l = -14 - -32. Calculate the highest common factor of h and l.
9
Suppose 410 = 6*l - 262. What is the highest common factor of 16 and l?
16
Let v be -1 + (-1)/1 + 13. Calculate the greatest common divisor of v and 33.
11
Let h = 84 + -19. Let a = 10 + 3. What is the highest common divisor of a and h?
13
Let d be -2*22/4 - 0. Let y = 64 - d. Calculate the highest common factor of 15 and y.
15
Suppose n - 4*n = 33. Let d(q) = 19*q**2 + q. Let o be d(-1). Let h = o + n. Calculate the highest common factor of 7 and h.
7
Let w(p) = -2*p**3 + 5*p**2 + 4*p - 5. Suppose 0 = 3*r + 9 + 3. Let v be w(r). Calculate the greatest common factor of v and 17.
17
Let f = -62 + 63. Calculate the highest common factor of 5 and f.
1
Let l(o) = 2 + 2*o - 14*o**3 + 2*o**2 - 2*o**2. Let b be l(-2). Suppose 4*r - b - 26 = 0. What is the highest common divisor of 17 and r?
17
Suppose 4 = h - 18. Calculate the highest common factor of 55 and h.
11
Let w = 2 + -4. Let k = w + 8. Suppose k*p = 3*p + 405. What is the greatest common divisor of 15 and p?
15
Let n(f) = f**2 + 6*f + 8. Let o be n(-4). Let p(r) = r - 1. Let q be p(4). Suppose o = q*d - 2 - 19. What is the greatest common divisor of 35 and d?
7
Let o(t) = -t**3 + t**2 + 4*t. Let b be o(3). Let q be 45/(-6)*(-8)/b. Let u = q - -16. What is the greatest common divisor of 6 and u?
6
Suppose -3*a + 3 = -0*h + 2*h, -a + 5*h + 1 = 0. Suppose 2*j = 6*v - 3*v - 2, 0 = -3*j + 15. Calculate the highest common factor of a and v.
1
Suppose 4 + 1 = 5*u, 0 = -4*a + u + 223. Calculate the highest common factor of 7 and a.
7
Let w be (4/10)/(2/130). Suppose 0 = 6*j - 255 + 21. Calculate the highest common divisor of j and w.
13
Let h = 6496 - 4281. Suppose 4*k + k - h = 0. Let b be k/5 - 15/25. Calculate the highest common divisor of b and 11.
11
Let a(y) = -y**2 + 29*y - 20. Let x be a(19). Calculate the greatest common divisor of 10 and x.
10
Let z be 358/5 + (-6)/(-15). Let y(d) = -d**2 + 10*d - 8. Let p be y(8). Calculate the highest common divisor of z and p.
8
Let w = -3 - -11. Suppose -h - 3*i + 13 = 3*h, -h - 3*i = w. Calculate the highest common divisor of h and 1.
1
Let c(d) = -76*d. Let p be c(-2). Let m = p - 72. Calculate the greatest common factor of 10 and m.
10
Let s(b) = 20*b - 78. Let k be s(6). What is the highest common divisor of k and 462?
42
Let i = 0 + 8. Let l = i - 4. Suppose 3*t = l*t - 45. Calculate the greatest common factor of 9 and t.
9
Let u be (-2)/(-2) - (-10 + 1). Suppose 5*k - 2 = 4*k. What is the highest common divisor of u and k?
2
Let u be 0/(-4 - (-2 + 0)). Suppose u = -2*c + 5*t + 13, -5*c + 0*t = 2*t - 76. Suppose 22 = 3*y - c. Calculate the greatest common factor of 132 and y.
12
Suppose 4*k - 395 = -99. Calculate the greatest common factor of k and 185.
37
Let w be (0 + 12)*16/3. Calculate the highest common divisor of w and 8.
8
Let w = 24 + -15. Let q(a) = -a**3 + 8*a**2 + 2*a. Let f be q(7). What is the greatest common factor of f and w?
9
Let d = 34 + -28. What is the greatest common divisor of 22 and d?
2
Suppose -3*i = -5*z - 9, -z + 5 = -4*i + 17. Suppose 0 = 2*x - x + 3*a - 60, z = -3*a - 12. What is the highest common factor of 8 and x?
8
Suppose -17*q + 12*q = -45. Calculate the highest common divisor of q and 9.
9
Let u = -168 - -258. Calculate the greatest common divisor of u and 30.
30
Let n be 6/4*32/12. Suppose 3*x = n*x - 10. What is the greatest common factor of x and 100?
10
Suppose 6*h + 18 = 102. Let n be ((-42)/4)/((-6)/56). What is the greatest common factor of n and h?
14
Let v(t) = -4*t + 6. Let a be v(1). Calculate the greatest common factor of 5 and a.
1
Let r = 3 + -4. Let j be 20 + (3/r - -3). What is the greatest common divisor of 4 and j?
4
Suppose 0 = -3*y + 5*o - 8 - 41, 2*y + 40 = -4*o. Let m = 29 + y. Calculate the greatest common divisor of m and 44.
11
Suppose -4*r + 21 + 3 = 0. What is the greatest common divisor of r and 2?
2
Let o(b) = b**3 + 19*b**2 + b - 44. Let t be o(-17). Calculate the greatest common divisor of 47 and t.
47
Suppose 0 = -5*u + 7 + 3. Suppose -u*z = z - 3. What is the greatest common factor of z and 2?
1
Suppose 2*g = 3*g - 4. Suppose -2 = 3*z - 3*v + g, z = -3*v + 18. Let j be 20/9*z*3. Calculate the highest common factor of 5 and j.
5
Let v be (1/(-2))/(1/6). Let t be 2/v*(-125 - 1). Calcu